9
Let r(u) = -u**3 + 5*u**2 + 10*u + 14. Determine r(7).
-14
Let f(d) = d**2 + 4*d - 1. Give f(-9).
44
Let a(g) = -g**3 - 9*g**2 - 10*g - 2. Calculate a(-8).
14
Let k(u) = -u**2 - 11*u + 19. What is k(-12)?
7
Let t(n) = 13*n + 5. Calculate t(-2).
-21
Let v(q) = -2*q - 10. Give v(-8).
6
Let s(w) = 10*w**2 - w + 2. Calculate s(1).
11
Let f(s) = 2*s + 15. Determine f(-12).
-9
Let y(c) = c**3 + 5*c**2 + 2*c + 7. Give y(-5).
-3
Let n(z) = -z**3 - 8*z**2 - 6*z + 9. Determine n(-7).
2
Let i(l) = l**3 - 9*l**2 - 8*l + 4. What is i(10)?
24
Let w(n) = n**3 - n**2 - n + 15. What is w(0)?
15
Let c(q) = q - 19. What is c(8)?
-11
Let d(i) = 2*i**2 - 1. Determine d(-1).
1
Let v(j) = -j**2 - 21*j + 16. What is v(-22)?
-6
Let c(f) = -f**3 + 12*f**2 - 11*f - 5. What is c(11)?
-5
Let v(q) = -q**3 - 6*q**2 - q - 7. Give v(-6).
-1
Let x(g) = -g - 26. What is x(0)?
-26
Let b(a) = 14*a + 31. What is b(-1)?
17
Let b(k) = 2*k**2 - k - 5. What is b(4)?
23
Let t(g) = 8*g + 234. Determine t(-27).
18
Let q(g) = 12*g + 181. What is q(-15)?
1
Let i(w) = -w**3 + 12*w**2 - 49*w + 284. Calculate i(10).
-6
Let k(q) = -q + 2. Determine k(7).
-5
Let g(h) = 29*h**2 - 2*h - 1. Calculate g(-1).
30
Let s(k) = -k**3 - 6*k**2 - 6*k - 12. Give s(-5).
-7
Let o(c) = -c**2 - 15*c + 3. Determine o(-16).
-13
Let q(d) = -d**2 - 29*d - 76. What is q(-20)?
104
Let t(w) = w**2 + 16*w + 17. Determine t(-16).
17
Let f(x) = x**2 + 7*x - 2. Calculate f(-7).
-2
Let i(m) = 3*m - 95. Calculate i(28).
-11
Let c(d) = d**3 - 9*d**2 + 9*d - 16. Determine c(8).
-8
Let b(d) = d**3 - 10*d**2 - 20*d + 89. Give b(11).
-10
Let h(k) = -133*k + 265. What is h(2)?
-1
Let y(f) = -f**3 + 22*f**2 + 25*f - 54. Give y(23).
-8
Let t(g) = g**2 - 5*g - 7. Calculate t(7).
7
Let t(v) = -35*v - 97. What is t(-5)?
78
Let b(t) = t**2 - 13*t - 26. Determine b(14).
-12
Let s(k) = -2*k**2 - 36*k - 125. Determine s(-13).
5
Let r(w) = 16*w + 10. Determine r(-2).
-22
Let a(y) = -22*y**3 + 2*y**2 - 2*y. What is a(1)?
-22
Let c(q) = -q**2 + q - 22. Calculate c(0).
-22
Let u(k) = -2*k**2 + 2. Determine u(-2).
-6
Let k(b) = -b**2 - 10*b - 7. Give k(-10).
-7
Let b(i) = -9*i - 11. Calculate b(5).
-56
Let v(r) = -2*r**2 + 48*r - 5. Determine v(24).
-5
Let o(a) = a**2 - 3*a - 4. Determine o(5).
6
Let o(g) = -24*g + 1. Determine o(2).
-47
Let v(m) = m**2 - 21*m - 45. Give v(26).
85
Let s(y) = 10*y**3 + 2*y**2 + y. Give s(-1).
-9
Let m(x) = -x**3 + 2*x**2 - 2*x + 3. Give m(0).
3
Let s(u) = u**3 - u. What is s(-2)?
-6
Let z(m) = 2*m**2 - 66*m - 14. Give z(33).
-14
Let o(z) = z**3 + z**2 - 19*z + 39. Give o(2).
13
Let m(c) = c**3 + 10*c**2 + 15*c + 48. Determine m(-9).
-6
Let r(i) = -i**3 + 9*i**2 - i + 11. Determine r(9).
2
Let c(r) = r**3 + 8*r**2 + 7*r - 3. What is c(-5)?
37
Let v(m) = -m**3 + 6*m**2 - 6*m + 6. What is v(4)?
14
Let k(z) = -z**3 - 7*z**2 - 4*z + 4. Give k(-6).
-8
Let z(a) = -3*a + 63. Calculate z(18).
9
Let s(x) = 7*x**2 + x + 42. Give s(0).
42
Let u(c) = 10*c - 20. Determine u(6).
40
Let n(h) = -h**2 - 5*h + 2. Determine n(-4).
6
Let a(m) = 5*m**2 - m - 1. What is a(2)?
17
Let g(p) = -5*p - 44. What is g(-9)?
1
Let c(x) = 47*x + 7. Determine c(4).
195
Let l(r) = 6*r + 8. Give l(4).
32
Let j(t) = -96*t + 11. What is j(1)?
-85
Let h(z) = z**3 - z**2 + z - 4. What is h(4)?
48
Let x(y) = 24*y**2 - 11*y - 13. Give x(-1).
22
Let k(f) = f**2 + 20*f + 44. Give k(-7).
-47
Let w(b) = 8*b**2 - 12*b - 5. What is w(2)?
3
Let t(l) = -10*l - 2. Give t(-1).
8
Let h(q) = 7*q**2 + 17*q - 3. Give h(-4).
41
Let y(s) = -33*s + 48. Determine y(7).
-183
Let u(q) = -q**2 - 14*q + 74. Calculate u(-17).
23
Let l(b) = -b**3 + b**2 + 2*b - 5. Determine l(4).
-45
Let u(w) = -w**2 + 28*w - 91. What is u(24)?
5
Let w(b) = -628*b - 3140. Give w(-5).
0
Let x(u) = -3*u**2 - u + 3. Give x(-2).
-7
Let z(w) = -w**3 + 6*w**2 + 14*w + 6. What is z(8)?
-10
Let c(t) = -t**3 + 2*t**2 + 5*t - 4. Determine c(3).
2
Let u(d) = -2*d + 21. Calculate u(16).
-11
Let l(t) = 84*t**2 + 4*t + 4. Give l(-1).
84
Let s(i) = i**3 - 14*i**2 - 21*i + 10. Give s(16).
186
Let r(u) = u**2 + 2*u - 17. Determine r(-5).
-2
Let q(t) = -5*t - 95. What is q(-10)?
-45
Let t(h) = -h**2 - 5. What is t(0)?
-5
Let q(f) = -9*f**3 + 3*f**2 - f - 4. What is q(2)?
-66
Let k(p) = -p**3 - 3*p**2 + 2. What is k(-4)?
18
Let q(l) = -l**2 - 4*l + 12. Calculate q(-5).
7
Let h(v) = 3*v**3 + v**2 - 9*v - 11. Calculate h(-3).
-56
Let w(c) = -2*c**2 + 3*c + 4. Calculate w(-2).
-10
Let f(y) = 14*y. Determine f(2).
28
Let r(v) = v**2 + 15*v + 14. Give r(-12).
-22
Let y(w) = -w**3 + 3*w**2 - 5*w - 2. Determine y(2).
-8
Let u(r) = -r**3 + 7*r**2 - 9*r + 9. What is u(7)?
-54
Let n(r) = r**2 - 127*r + 720. Give n(6).
-6
Let p(r) = 6*r - 57. Give p(-5).
-87
Let o(r) = -5*r + 11. What is o(3)?
-4
Let q(h) = -h**2 - 14*h - 40. Determine q(-4).
0
Let d(z) = -10*z - 5. Calculate d(-3).
25
Let g(l) = l - 29. Determine g(25).
-4
Let f(y) = -y**3 + 5*y**2 - 3*y - 1. What is f(-3)?
80
Let v(y) = y**2 - 6*y - 11. Give v(8).
5
Let u(z) = -2*z**2 + 3*z + 9. Give u(4).
-11
Let a(s) = s - 16. Determine a(16).
0
Let f(m) = -m**3 + 4*m**2 + m + 1. Give f(5).
-19
Let j(l) = 2*l - 3. Determine j(3).
3
Let n(k) = -k**2 - 16*k + 3. What is n(-17)?
-14
Let x(i) = -i**2 + 22*i - 13. Calculate x(0).
-13
Let r(j) = j - 13. What is r(-17)?
-30
Let u(j) = -3*j - 29. Give u(-13).
10
Let s(v) = -5*v**2 + 4*v + 5. Calculate s(-2).
-23
Let f(m) = 2*m**2 - 23*m + 15. Calculate f(10).
-15
Let c(d) = 2*d**2 + 2*d. Calculate c(-4).
24
Let o(u) = u**3 - 8*u**2 - 13*u + 10. Determine o(9).
-26
Let m(v) = v**3 - 19*v**2 + 5. What is m(19)?
5
Let k(v) = -v**3 - 5*v**2 + 7*v + 22. Determine k(-5).
-13
Let h(n) = -6*n + 33. Calculate h(8).
-15
Let x(z) = -z**3 + 6*z**2 - 4*z - 4. Determine x(4).
12
Let r(l) = -3*l - 5. Determine r(-3).
4
Let j(t) = -t + 10. What is j(9)?
1
Let o(x) = x**3 + 2*x**2 + x - 23. Determine o(0).
-23
Let u(r) = -r**3 - 4*r**2 + 2*r. Determine u(-2).
-12
Let s(t) = -t**2 + 11*t - 12. What is s(11)?
-12
Let j(m) = m**2 + 4*m + 9. Calculate j(-11).
86
Let h(s) = -s**2 + 7. What is h(-6)?
-29
Let u(g) = 3*g**3 - g**2 + 2. Give u(-1).
-2
Let j(s) = 20*s**2 - 2*s + 4. What is j(2)?
80
Let t(u) = u**3 - 39*u**2 + 36*u + 82. Calculate t(38).
6
Let p(d) = d**2 - 10*d + 42. Determine p(12).
66
Let u(q) = 37*q**3 + q**2 + q - 2. Calculate u(1).
37
Let s(b) = 2*b**2 + 11*b - 7. Give s(-6).
-1
Let a(t) = t**3 + 6*t**2 - 11*t - 2. Give a(-5).
78
Let r(s) = 3*s**2 - 5*s - 20. Give r(5).
30
Let q(r) = -r**2 + 2*r + 6. What is q(-6)?
-42
Let y(g) = 4*g + 67. Determine y(-16).
3
Let z(p) = 2*p - 8. Give z(9).
10
Let t(c) = c**2 + 41*c + 220. Determine t(-35).
10
Let w(b) = 145*b + 1163. Determine w(-8).
3
Let n(h) = -3*h**2 - 2*h - 3. Give n(2).
-19
Let b(r) = -r**2 - 22*r - 39. What is b(-20)?
1
Let l(d) = 6*d + 31. Give l(-6).
-5
Let t(j) = -j**2 + 2*j + 250. What is t(17)?
-5
Let x(n) = -22*n + 211. Give x(10).
-9
Let z(o) = o**2 + 9*o - 11. What is z(-12)?
25
Let r(w) = w**2 + 2*w - 2. Calculate r(0).
-2
Let r(p) = -15*p**3 - p**2 + 2*p. Give r(1).
-14
Let a(g) = -g**2 - 8*g + 13. Calculate a(-9).
4
Let z(p) = -6*p + 8. Give z(-2).
20
Let z(a) = a**3 + 4*a**2 - 2*a + 28. Determine z(-5).
13
Let z(j) = -j**2 - 27*j + 19. Give z(-22).
129
Let j(z) = z**2 - 9*z - 12. What is j(11)?
10
Let v(l) = -l**3 + 21*l**2 - 27*l + 48. What is v(20)?
-92
Let q(t) = t**3 - 8*t**2 + 8*t - 1. Calculate q(7).
6
Let g(u) = 3*u + 76. Give g(0).
76
Let w(b) = -47*b**2 + 1. What is w(1)?
-46
Let b(c) = 9*c**3 + 4*c**2 - 8*c + 7. Calculate b(2).
79
Let q(b) = -b**3 + 4*b**2 - b + 3. Give q(4).
-1
Let q(k) = -5*k**2 + 50*k - 81. What is q(8)?
-1
Let h(l) = -l**3 - 8*l**2 - 10*l + 16. What is h(-6)?
4
Let q(x) = x**3 + x**2 - x + 4. Determine q(0).
4
Let g(v) = 23*v**3 + 2*v**2 - 1. Determine g(1).
24
Let j(a) = -6*a**3 + 4*a**2 - 5*a + 4. Give j(2).
-38
Let w(n) = -n**3 - 4*n**2 + 2. Determine w(-1).
-1
Let w(p) = -12*p - 2. Calculate w(-3).
34
Let p(g) = g**2 + 13*g + 34. Give p(-9).
-2
Let v(i) = i**2 + 2*i + 14. Calculate v(0).
14
Let y(a) = -2*a**3 + 114*a**2 - 221*a + 4. Calculate y(2).
2
Let u(a) = -6*a - 72. What is u(-14)?
12
Let a(g) = g - 26. Determine a(22).
-4
Let r(t) = t**3 + 10*t**2 - 40*t - 13. Determine r(-13).
0
Let l(c) = c**3 + 27*c**2 + 31*c + 